 Suppose -w = -j*w + 2110. Is w a prime number?
False
Let k(p) = 21*p**2 + 8*p + 16. Let y be k(15). Suppose -10*c = l - 6*c - y, 2*l + 3*c = 9722. Is l composite?
False
Suppose 3*q = 6*q + 405. Let v = q + 546. Is v a prime number?
False
Suppose -21*o + 34677 = 14286. Is o a prime number?
True
Let a = -5 + 1. Let z = -34 - -28. Is (z/9)/(a/2226) a composite number?
True
Suppose i = -2*o + 414, -i + 4*o - 34 = -448. Let w = -223 + i. Is w a composite number?
False
Is (-68)/(-6)*(4210/4 + -1) prime?
False
Let m = 1167 + 1618. Is m a composite number?
True
Let u = -14707 - -21438. Suppose -4*x = -3*l - u - 2115, 0 = 3*x + 4*l - 6647. Is x a composite number?
False
Let q be 51170/35 + (-1 + -1 - -1). Let d = -412 + q. Is d a prime number?
True
Suppose -8 - 7 = -5*o. Suppose -o*m - q + 2961 = 0, -3*m + 0*m - 3*q + 2961 = 0. Suppose 0 = s - 4*s + m. Is s prime?
False
Is (-1)/(2 + (-325416)/65082 - -3) prime?
True
Let i = 5986 - 2723. Suppose 8*t + 87 = i. Is t composite?
False
Suppose 24*i = 169966 + 11738. Is i prime?
False
Is 37982*((-21)/(-6) + -3) a prime number?
False
Suppose -3*l - 3*c - 6 = 0, 3*l - 2*c - 1 = 13. Suppose l*j = 5*j - 633. Is j composite?
False
Let j(i) = -2*i**2 - i + 235. Is j(0) a prime number?
False
Suppose -18 + 2 = -3*n - m, 0 = 5*n + 4*m - 29. Suppose 5*l + v = -4*v + 715, l + n*v = 143. Is l composite?
True
Suppose -7*z + 40 - 12 = 0. Is (-2220)/(-4) - z/(-2) a prime number?
True
Is (413/(-28))/((-2)/136) composite?
True
Suppose 4*w = 15 - 3. Let s be 22/10 - 2/10. Suppose -181 = -f + s*h, -5*h - 920 = -2*f - w*f. Is f a prime number?
False
Let z(d) = d**2 + 9*d - 14. Let o be z(-10). Is (-4)/(-4) + ((-12)/o - -6223) prime?
False
Let h(f) = 64*f**2 + 2*f + 5. Let y be h(-2). Is 2*y/(-1)*24/(-16) composite?
True
Let n be (1 + 0)*-1 + 4. Suppose -n*c - 4*p - 8 = -31, -3*c = p - 17. Suppose 0*x - x + c*s = -60, 0 = 4*x + 2*s - 350. Is x a prime number?
False
Let s be ((-27)/12)/((-9)/24). Suppose -s*z = -1 - 35. Is z a prime number?
False
Let s(p) = -138*p - 29. Let i be s(-10). Suppose 0 = -5*c + 4*x + i, -200 = -c - 2*x + 59. Is c a composite number?
True
Is ((-214)/(-10))/((-77)/(-8855)) a composite number?
True
Suppose 0 = 7*k + 4757 + 542. Is (k/2)/(18/24 - 1) composite?
True
Is (22/2)/(-4 + 5386/1346) prime?
False
Let q(z) be the third derivative of -z**5/60 - 13*z**4/24 - z**3/3 - 6*z**2. Let p be q(-13). Is -2 - (p - 254/2) prime?
True
Let j = 6 - 4. Let m(b) = -j + 4*b**2 + 3*b**2 - 2*b + b**2. Is m(2) prime?
False
Suppose 9*m = 6*m + 54. Suppose 0 = 20*v - m*v - 1882. Is v a prime number?
True
Suppose -5*n - 40*n = -550755. Is n a prime number?
True
Let m = -354 + 1228. Suppose 4*j - 4*r - m - 1906 = 0, 2750 = 4*j + 2*r. Let g = -359 + j. Is g a prime number?
True
Let q(c) = -9*c**3 - 16*c**2 - 10*c + 5. Let x be q(-7). Let j = 3357 - x. Is j a composite number?
True
Suppose -3*m = -2*p + 7333, 0 = 4*p + 5*m - 9*m - 14656. Is p a composite number?
False
Let g = -42 + 64. Suppose 0 = -2*a + g + 4. Is a a prime number?
True
Let b(z) be the first derivative of 7*z**3/3 + 19*z**2/2 - 3*z - 13. Is b(-8) composite?
False
Suppose 3*j - h - 5156 - 29574 = 0, 0 = -5*j - 5*h + 57890. Suppose -4*l + j = -g + 2*g, -5*l + 14485 = 4*g. Is l composite?
True
Let p(o) = -o**2 + 8*o - 10. Let t(v) = v**3 + 4*v**2 + v + 1. Let d be t(-3). Let w be p(d). Is (-3)/(3 - w)*-38 a composite number?
False
Let o be (178 - -2) + (0 - -1). Suppose 3*j = 4*r - o, 2*r + 2*j = 7*r - 221. Is r prime?
True
Let v(q) = 8*q**2 - 31*q - 3. Is v(-2) prime?
False
Let d(k) = -2*k**3 - 23*k**2 + 19*k + 18. Let c be d(-20). Suppose 2*i = 8*i - c. Is i a prime number?
False
Suppose -21*u + 16*u + 5 = 0. Let i(z) = 1728*z + 5. Is i(u) a prime number?
True
Suppose -20 = -4*c, 6*v - 10*v + 2*c + 2 = 0. Suppose -2*y = v*w - 1051, 3*y + 4*w - 1837 + 262 = 0. Is y prime?
True
Let i(v) = -v**3 + 7*v**2 + v + 1. Let f be i(7). Suppose f*m = 3*m. Suppose 4*y - 148 - 1936 = m. Is y a prime number?
True
Let p(r) = r**2 + 4*r - 4. Let l be p(-7). Let b(k) = -2*k + 13. Let j be b(l). Is j/(-63) - 706/(-6) prime?
False
Let m = 24798 + -12815. Is m a prime number?
False
Let t(z) = 9*z**2 + 2*z + 24. Let b be t(-17). Let q = 3664 - b. Is q a prime number?
False
Let l(q) be the second derivative of q**4/4 + 13*q**3/6 + q**2 - 16*q. Is l(-7) composite?
True
Let q = 1553 + 749. Suppose -7*v + 603 = -q. Is v prime?
False
Let o(d) = -305*d**2 - d + d + 359*d**2 - 1. Suppose 0 = -3*x + 3*q - 12, -2*x + q - 2 = x. Is o(x) a prime number?
True
Is (-2)/10 + (-205)/(-25)*116 composite?
True
Let f be 3 - (-6)/(-1) - -12. Let u(k) = 2*k**2 - 8*k - 8. Let d be u(f). Let x = 453 - d. Is x a prime number?
False
Suppose -k - 5*m = -17887, -3*m = -4*k - 5*m + 71584. Is k prime?
False
Suppose -2*o + 1 = -13. Let f be 1*0/(-4 + o). Let t(v) = -v**3 - v**2 - 2*v + 51. Is t(f) a prime number?
False
Let o be 148/28 + 4/(-14). Let x(k) = -4*k**2 - 29*k - 3. Let r be x(-7). Suppose -r*n - 2*f = -428, f + 553 = o*n - f. Is n a composite number?
False
Suppose l = 2*v - l - 22364, -5*v + 3*l = -55904. Is v a prime number?
False
Is 1*2/(-6)*-45219 prime?
True
Let o = -97 - -100. Suppose 0 = -o*n + n + 1886. Is n composite?
True
Suppose 0*r - 1556 = -2*n - 3*r, 0 = -3*n - 4*r + 2334. Let v = 871 + n. Is v composite?
True
Suppose 2*f - 11 = 2*l + 1, -2*l + 9 = f. Let u be (f + -4)/(3/18). Is (-494)/(-6) - u/(-27) a prime number?
True
Let f = -34238 + 52831. Is f prime?
True
Let h(j) = 287*j + 178. Is h(33) composite?
False
Suppose -4*d + 541 + 1247 = 0. Suppose 25358 = -31*o + 62*o. Let r = o - d. Is r a prime number?
False
Let y be 94/30 - 3 - (-141)/(-45). Is (-2 - (0 + y))/((-1)/(-1259)) a composite number?
False
Suppose 210 = -i - 2*i. Let b be (-22)/(-6)*9/(-3). Let k = b - i. Is k a prime number?
True
Let p(x) = 43*x**2 - x - 2. Let y be p(2). Let m = -37 + y. Suppose -w - 48 = -d - 0*w, -2*d + m = 5*w. Is d composite?
False
Suppose -4*v - 4*x + 3998 = -26510, -v = -x - 7635. Is v prime?
False
Suppose 2*g = -g + 6. Let l(d) = -1 - 2*d + d + 22*d**2 - d. Is l(g) a prime number?
True
Let t = 49055 - 14772. Is t composite?
False
Let m = -10 + 0. Let q = -1 - 1. Is (m/3)/(q/33) a composite number?
True
Let y = 15 - 12. Let b be (-2)/1*(-3 - y). Is (111/b)/((-4)/(-32)) a composite number?
True
Suppose -2*l = -3*l + 5. Let q = l + -5. Suppose p + q*p - 127 = 0. Is p composite?
False
Let u = -10 + 9. Let j be (u - -1)/(16/(-8)). Suppose 0*d = 4*t - 4*d - 224, j = -t + 3*d + 58. Is t composite?
True
Let n = -4 - -7. Let i(d) = -d**3 + 4*d**2 + 2*d - 4. Let h be i(4). Suppose -n*a + h*m = -4*a + 745, a - 745 = 3*m. Is a a composite number?
True
Let m = 84515 - 39408. Is m a composite number?
True
Suppose -3*b - 4*h - 1535 = 3768, -5*h - 3547 = 2*b. Is (-2 + (-21)/(-9))/((-1)/b) prime?
True
Suppose -3*c - 299 = -g, 502 = -7*c + 2*c - 2*g. Let h = c - -174. Is h a composite number?
True
Let t(g) = g**3 + 8*g**2 + g + 11. Let h be t(-8). Suppose -15 + 3 = -h*x. Is (x + -5)/((-4)/2212) a composite number?
True
Is (20992*1)/2 - (-81 + 84) prime?
False
Let y(s) be the second derivative of 33*s**4/4 - s**3/2 + 5*s**2/2 - 24*s. Is y(3) composite?
False
Let p(m) = -74*m + 22. Let v be p(-5). Suppose s = -39 + v. Suppose 8*b - 9*b + s = 0. Is b prime?
True
Suppose -5*n = -4*n + 1. Is ((-7262)/8 - 9/(-12))/n prime?
True
Let b(g) = -9*g**3 + 4*g**2 + 4*g + 15. Let w(y) = -y**3 - y - 1. Let h(p) = -b(p) + 4*w(p). Is h(8) prime?
True
Is 0/1 - (-457)/2*22 prime?
False
Suppose 9*h - 48 - 24 = 0. Is ((-1)/3 + 1)/(h/4164) composite?
False
Let p = -2247 + 4026. Is p a composite number?
True
Let w(z) = 3*z**2 - z - 3. Let s be 5*3*6/45. Let h be (2 - -1) + 0 + s. Is w(h) a prime number?
True
Suppose 0 = -64*m + 33*m + 808139. Is m a prime number?
False
Is (-4)/((-16)/10)*1838 a prime number?
False
Let i(p) be the second derivative of -7*p**3/6 - p**2/2 - p. Let a be i(-1). Is (-18)/a*(-102 + 1) a prime number?
False
Let x(k) = -4*k - 113. Let m be x(0). Let t = 2 - m. Is t prime?
False
Let l be (48/14)/(2/14). Let c be (-18)/4*(-32)/l. Suppose 2*q = c*q - 364. Is q a composite number?
True
Let j be (3/(-24))/(2/(-100))*24. Suppose -2*c + 202 = 4*n, 5*c + 5*n = 335 + j. Is c prime?
False
Let x(r) = r**2 + 4*r + 2461. I